
{"id":11,"date":"2017-06-30T16:43:59","date_gmt":"2017-06-30T14:43:59","guid":{"rendered":"http:\/\/niepodlegla.iskryniepodleglej.pl\/en\/?page_id=11"},"modified":"2020-12-11T20:40:31","modified_gmt":"2020-12-11T19:40:31","slug":"contact","status":"publish","type":"page","link":"http:\/\/niepodlegla.iskryniepodleglej.pl\/en\/contact\/","title":{"rendered":"Contact us"},"content":{"rendered":"<p style=\"text-align: justify\"><span lang=\"EN-US\">The &#8220;Niepodleg\u0142a&#8221; program brings together various initiatives organized on the occasion of the centenary anniversary of regaining independence by the Polish state. An inspiration for a common celebration came from values \u200b\u200bthat have particular importance for the Polish people: liberty, respect for human dignity and human rights and also solidarity.<\/span><\/p>\n<p style=\"text-align: justify\">The celebrations are coordinated by The Office of the &#8220;Niepodleg\u0142a&#8221; Program. The Office carries out its tasks in line with tenets of the Multi-annual Governmental Program &#8220;Niepodleg\u0142a&#8221; for the years 2017-2022, which main purpose is to strengthen the bonds of the civic community.<\/p>\n<p style=\"text-align: justify\"><span lang=\"EN-US\">The Program envisages actions in three areas (a.k.a priorities). First of those are the projects for which national cultural institutions, subordinates to the Ministry of Culture and National Heritage, will be responsible for. Furthermore, in the second half of 2017 the Office of the &#8220;Niepodleg\u0142a&#8221; will launch two grants programs, namely &#8220;Koalicja dla Niepodleg\u0142ej&#8221; (supporting the organization of events led by civil initiatives) and &#8220;Niepodleg\u0142a&#8221; (addressed to local government institutions and to non &#8211; governmental organizations). Foreign events and celebrations (the third priority) will be the assumed responsibility of the Adam&#8217;s Mickiewicz Institute.<\/span><\/p>\n<h2><strong>Contacts of The Office of the &#8220;Niepodleg\u0142a&#8221; Program<\/strong><\/h2>\n<p class=\"cell col-xs-12 col-md-6\"><strong>THE OFFICE OF THE &#8220;NIEPODLEG\u0141A&#8221; PROGRAM<br \/>\n<\/strong>ul. Mazowiecka 9, 00-052 Warszawa<br \/>\nPoland<br \/>\nPhone (landline): +48 22 182 26 00<br \/>\nE-mail: <a href=\"mailto:kontakt@niepodlegla.iskryniepodleglej.pl\">kontakt@niepodlegla.iskryniepodleglej.pl<\/a><\/p>\n<p class=\"cell col-xs-12 col-md-6\"><strong>&nbsp;&nbsp;<br \/>\nSPOKESMAN<br \/>\n<\/strong>Kamil Wnuk<br \/>\nPhone (mobile): +48 797 143 508<br \/>\nE-mail: <a href=\"mailto:kwnuk@niepodlegla.iskryniepodleglej.pl\">kwnuk@niepodlegla.iskryniepodleglej.pl<\/a><\/p>\n<p>&nbsp;<\/p>\n<hr>\n<p>&nbsp;<\/p>\n<div class=\"row\"><div class=\"responsive-table-container  columns-2\">\n<div class=\"responsive-row\"><div class=\"col col-size-1\"><div class=\"padding\"><a href=\"http:\/\/www.mkidn.gov.pl\/pages\/the-ministry-of-culture-and-national-heritage.php?lang=EN\"><strong>Ministry of Culture and National Heritage<\/strong><\/a>&nbsp;&nbsp;&nbsp;&nbsp;&nbsp;&nbsp;&nbsp;&nbsp;<\/p>\n<p>The Ministry is responsible for the implementation of projects commemorating the centennial of Poland regaining independence, carried out by national cultural institutions<\/div><\/div><div class=\"col col-size-1\"><div class=\"padding\"><a href=\"https:\/\/iam.pl\/en\"><strong>Adam Mickiewicz Institute (IAM)<\/strong><\/a>&nbsp;&nbsp;&nbsp;&nbsp;&nbsp;&nbsp;&nbsp;&nbsp;<\/p>\n<p>The institution is responsible for the international program of the commemorating the centennial of Poland regaining independence. IAM is also implementing a grant program targeted at bilateral initiatives.<\/div><\/div><\/div><\/div><\/div>\n<p>&nbsp;<\/p>\n<p>&nbsp;<\/p>\n","protected":false},"excerpt":{"rendered":"<p>The &#8220;Niepodleg\u0142a&#8221; program brings together various initiatives organized on the occasion of the centenary anniversary of regaining independence by the Polish state. An inspiration for a common celebration came from values \u200b\u200bthat have particular importance for the Polish people: liberty, respect for human dignity and human rights and also solidarity. The celebrations are coordinated by [&hellip;]<\/p>\n","protected":false},"author":4,"featured_media":0,"parent":0,"menu_order":4,"comment_status":"closed","ping_status":"closed","template":"tpl-partners-slider.php","meta":{"ngg_post_thumbnail":0,"footnotes":""},"class_list":["post-11","page","type-page","status-publish","hentry"],"_links":{"self":[{"href":"http:\/\/niepodlegla.iskryniepodleglej.pl\/en\/wp-json\/wp\/v2\/pages\/11","targetHints":{"allow":["GET"]}}],"collection":[{"href":"http:\/\/niepodlegla.iskryniepodleglej.pl\/en\/wp-json\/wp\/v2\/pages"}],"about":[{"href":"http:\/\/niepodlegla.iskryniepodleglej.pl\/en\/wp-json\/wp\/v2\/types\/page"}],"author":[{"embeddable":true,"href":"http:\/\/niepodlegla.iskryniepodleglej.pl\/en\/wp-json\/wp\/v2\/users\/4"}],"replies":[{"embeddable":true,"href":"http:\/\/niepodlegla.iskryniepodleglej.pl\/en\/wp-json\/wp\/v2\/comments?post=11"}],"version-history":[{"count":14,"href":"http:\/\/niepodlegla.iskryniepodleglej.pl\/en\/wp-json\/wp\/v2\/pages\/11\/revisions"}],"predecessor-version":[{"id":263,"href":"http:\/\/niepodlegla.iskryniepodleglej.pl\/en\/wp-json\/wp\/v2\/pages\/11\/revisions\/263"}],"wp:attachment":[{"href":"http:\/\/niepodlegla.iskryniepodleglej.pl\/en\/wp-json\/wp\/v2\/media?parent=11"}],"curies":[{"name":"wp","href":"https:\/\/api.w.org\/{rel}","templated":true}]}}

<p style="text-align: justify"><span lang="EN-US">The &#8220;Niepodległa&#8221; program brings together various initiatives organized on the occasion of the centenary anniversary of regaining independence by the Polish state. An inspiration for a common celebration came from values ​​that have particular importance for the Polish people: liberty, respect for human dignity and human rights and also solidarity.</span></p>
<p style="text-align: justify">The celebrations are coordinated by The Office of the &#8220;Niepodległa&#8221; Program. The Office carries out its tasks in line with tenets of the Multi-annual Governmental Program &#8220;Niepodległa&#8221; for the years 2017-2022, which main purpose is to strengthen the bonds of the civic community.</p>
<p style="text-align: justify"><span lang="EN-US">The Program envisages actions in three areas (a.k.a priorities). First of those are the projects for which national cultural institutions, subordinates to the Ministry of Culture and National Heritage, will be responsible for. Furthermore, in the second half of 2017 the Office of the &#8220;Niepodległa&#8221; will launch two grants programs, namely &#8220;Koalicja dla Niepodległej&#8221; (supporting the organization of events led by civil initiatives) and &#8220;Niepodległa&#8221; (addressed to local government institutions and to non &#8211; governmental organizations). Foreign events and celebrations (the third priority) will be the assumed responsibility of the Adam&#8217;s Mickiewicz Institute.</span></p>
<h2><strong>Contacts of The Office of the &#8220;Niepodległa&#8221; Program</strong></h2>
<p class="cell col-xs-12 col-md-6"><strong>THE OFFICE OF THE &#8220;NIEPODLEGŁA&#8221; PROGRAM<br />
</strong>ul. Mazowiecka 9, 00-052 Warszawa<br />
Poland<br />
Phone (landline): +48 22 182 26 00<br />
E-mail: <a href="mailto:kontakt@niepodlegla.iskryniepodleglej.pl">kontakt@niepodlegla.iskryniepodleglej.pl</a></p>
<p class="cell col-xs-12 col-md-6"><strong>&nbsp;&nbsp;<br />
SPOKESMAN<br />
</strong>Kamil Wnuk<br />
Phone (mobile): +48 797 143 508<br />
E-mail: <a href="mailto:kwnuk@niepodlegla.iskryniepodleglej.pl">kwnuk@niepodlegla.iskryniepodleglej.pl</a></p>
<p>&nbsp;</p>
<hr>
<p>&nbsp;</p>
<div class="row"><div class="responsive-table-container  columns-2">
<div class="responsive-row"><div class="col col-size-1"><div class="padding"><a href="http://www.mkidn.gov.pl/pages/the-ministry-of-culture-and-national-heritage.php?lang=EN"><strong>Ministry of Culture and National Heritage</strong></a>&nbsp;&nbsp;&nbsp;&nbsp;&nbsp;&nbsp;&nbsp;&nbsp;</p>
<p>The Ministry is responsible for the implementation of projects commemorating the centennial of Poland regaining independence, carried out by national cultural institutions</div></div><div class="col col-size-1"><div class="padding"><a href="https://iam.pl/en"><strong>Adam Mickiewicz Institute (IAM)</strong></a>&nbsp;&nbsp;&nbsp;&nbsp;&nbsp;&nbsp;&nbsp;&nbsp;</p>
<p>The institution is responsible for the international program of the commemorating the centennial of Poland regaining independence. IAM is also implementing a grant program targeted at bilateral initiatives.</div></div></div></div></div>
<p>&nbsp;</p>
<p>&nbsp;</p>

<p>The &#8220;Niepodległa&#8221; program brings together various initiatives organized on the occasion of the centenary anniversary of regaining independence by the Polish state. An inspiration for a common celebration came from values ​​that have particular importance for the Polish people: liberty, respect for human dignity and human rights and also solidarity. The celebrations are coordinated by [&hellip;]</p>
