
{"id":17,"date":"2017-05-23T15:49:50","date_gmt":"2017-05-23T13:49:50","guid":{"rendered":"http:\/\/niepodlegla.iskryniepodleglej.pl\/bip\/?page_id=17"},"modified":"2017-07-11T15:14:34","modified_gmt":"2017-07-11T13:14:34","slug":"biuletyn","status":"publish","type":"page","link":"http:\/\/niepodlegla.iskryniepodleglej.pl\/bip\/","title":{"rendered":"Biuletyn Informacji Publicznej"},"content":{"rendered":"<div class=\"row\"><div class=\"responsive-table-container  columns-2\">\n<div class=\"responsive-row\"><div class=\"col col-size-1\"><div class=\"padding\">\n<p><img loading=\"lazy\" decoding=\"async\" class=\"logo-bip alignnone wp-image-35 size-full\" src=\"http:\/\/niepodlegla.iskryniepodleglej.pl\/bip\/wp-content\/uploads\/sites\/2\/2017\/05\/bip-logo.png\" alt=\"\" width=\"270\" height=\"96\" \/><\/p>\n<p>Biuletyn Informacji Publicznej (BIP) to urz\u0119dowy publikator informacyjny, sk\u0142adaj\u0105cy si\u0119 z ujednoliconego systemu stron publikowanych w sieci teleinformatycznej Inetrnet, na kt\u00f3rych zostaje udost\u0119pniona informacja publiczna.<\/p>\n<p><a href=\"https:\/\/www.bip.gov.pl\/\">wi\u0119cej o BIP na bip.gov.pl<\/a><\/div><\/div><div class=\"col col-size-1\"><div class=\"padding\">\n<h2>Instrukcja korzystania z BIP<\/h2>\n<p>Informacja publiczna dotycz\u0105ca Biura Programu Niepodleg\u0142a zosta\u0142a podzielona na poszczeg\u00f3lne kategorie widoczne w nawigatorze po lewej stronie:<\/p>\n<p>&nbsp;<\/div><\/div><\/div><\/div><\/div>\n<p>&nbsp;<\/p>\n","protected":false},"excerpt":{"rendered":"<p>Biuletyn Informacji Publicznej (BIP) to urz\u0119dowy publikator informacyjny, sk\u0142adaj\u0105cy si\u0119 z ujednoliconego systemu stron publikowanych w sieci teleinformatycznej Inetrnet, na kt\u00f3rych zostaje udost\u0119pniona informacja publiczna. wi\u0119cej o BIP na bip.gov.pl Instrukcja korzystania z BIP Informacja publiczna dotycz\u0105ca Biura Programu Niepodleg\u0142a zosta\u0142a podzielona na poszczeg\u00f3lne kategorie widoczne w nawigatorze po lewej stronie: &nbsp; &nbsp;<\/p>\n","protected":false},"author":1,"featured_media":0,"parent":0,"menu_order":0,"comment_status":"closed","ping_status":"closed","template":"","meta":{"ngg_post_thumbnail":0,"footnotes":""},"class_list":["post-17","page","type-page","status-publish","hentry"],"_links":{"self":[{"href":"http:\/\/niepodlegla.iskryniepodleglej.pl\/bip\/wp-json\/wp\/v2\/pages\/17","targetHints":{"allow":["GET"]}}],"collection":[{"href":"http:\/\/niepodlegla.iskryniepodleglej.pl\/bip\/wp-json\/wp\/v2\/pages"}],"about":[{"href":"http:\/\/niepodlegla.iskryniepodleglej.pl\/bip\/wp-json\/wp\/v2\/types\/page"}],"author":[{"embeddable":true,"href":"http:\/\/niepodlegla.iskryniepodleglej.pl\/bip\/wp-json\/wp\/v2\/users\/1"}],"replies":[{"embeddable":true,"href":"http:\/\/niepodlegla.iskryniepodleglej.pl\/bip\/wp-json\/wp\/v2\/comments?post=17"}],"version-history":[{"count":0,"href":"http:\/\/niepodlegla.iskryniepodleglej.pl\/bip\/wp-json\/wp\/v2\/pages\/17\/revisions"}],"wp:attachment":[{"href":"http:\/\/niepodlegla.iskryniepodleglej.pl\/bip\/wp-json\/wp\/v2\/media?parent=17"}],"curies":[{"name":"wp","href":"https:\/\/api.w.org\/{rel}","templated":true}]}}